
309858 (base 12) to base 7
6326162
Convert 43341431 (base 5) to base 7.
3105031
-101101111111111001000100 (base 2) to base 14
-185c548
What is -27300 (base 10) in base 15?
-8150
-301445122 (base 6) to base 7
-61354430
What is -1110101111011011110000 (base 2) in base 3?
-21021022211101
-1114232 (base 5) to base 10
-19942
Convert 29a21 (base 11) to base 14.
116b4
Convert -423518 (base 15) to base 14.
-5bdd79
-124512402 (base 6) to base 15
-33adcb
-177215 (base 9) to base 5
-12012010
11000011111001110 (base 2) to base 6
2052210
2121201102 (base 3) to base 4
30211202
-50152514 (base 6) to base 12
-58273a
Convert 5e0bb (base 15) to base 14.
7b75d
What is 277063 (base 8) in base 16?
17e33
Convert -100111021022210 (base 3) to base 12.
-1833110
5823725 (base 9) to base 2
1011111111111100011000
1324301312 (base 5) to base 6
155512404
What is -337053 (base 10) in base 14?
-8ab93
What is -6586759 (base 10) in base 14?
-c365cb
3268b (base 13) to base 12
44946
-1101011001011110111100 (base 2) to base 8
-15313674
What is -b4343 (base 13) in base 7?
-2515132
-1222021111221 (base 3) to base 15
-15aabd
-1110100010011110 (base 2) to base 13
-2114a
2031053 (base 6) to base 8
276251
690808 (base 10) to base 11
432018
Convert -1011376 (base 9) to base 6.
-15315323
What is 820511 (base 9) in base 6?
14225401
-2343112042 (base 5) to base 14
-a190c2
Convert -122081 (base 13) to base 5.
-102323124
1022358 (base 9) to base 10
546317
Convert -3118a9 (base 11) to base 7.
-4152226
1c4d5 (base 14) to base 5
4303230
Convert 101000110100101100 (base 2) to base 16.
28d2c
What is -1110073 (base 10) in base 14?
-20c78d
What is 101110011011111001010100 (base 2) in base 12?
40b05b0
What is 20d2 (base 14) in base 4?
1120220
-24071 (base 12) to base 15
-e564
What is -2a6902 (base 14) in base 12?
-5b341a
What is 23a1e (base 15) in base 9?
182812
475756 (base 8) to base 2
100111101111101110
What is 6a243 (base 11) in base 5?
11221240
787801 (base 9) to base 8
1631037
Convert -610523 (base 8) to base 2.
-110001000101010011
Convert -315416 (base 7) to base 15.
-1134b
11451511 (base 6) to base 11
229a06
Convert -7094 (base 15) to base 14.
-8936
Convert 234354431 (base 6) to base 10.
4416499
Convert 101200210221110 (base 3) to base 13.
1240638
Convert -551717 (base 11) to base 10.
-880656
-b2327 (base 15) to base 10
-564337
Convert -21010020122 (base 3) to base 11.
-96327
Convert 3a9156 (base 14) to base 7.
23122536
What is 3238874 (base 9) in base 5?
421114101
-74703 (base 8) to base 7
-156610
Convert -10305350 (base 6) to base 14.
-7cd6a
-133528 (base 9) to base 15
-19185
-200201112002 (base 3) to base 11
-231973
What is -35341010 (base 8) in base 7?
-122411443
What is 131534522 (base 7) in base 6?
501005342
465516 (base 8) to base 11
a912a
Convert -201022110111002 (base 3) to base 8.
-47116610
What is 2a275 (base 16) in base 12?
83b05
77285 (base 9) to base 4
30201011
What is -36028 (base 10) in base 9?
-54371
-11165345 (base 7) to base 10
-974300
-5041776 (base 9) to base 12
-a95866
Convert -23bc71 (base 15) to base 2.
-110100001100111011100
1a1a5b (base 16) to base 4
12201221123
What is -33a6038 (base 12) in base 15?
-d0edb5
24345122 (base 6) to base 14
162bc6
Convert 180116 (base 12) to base 16.
654a2
-331580 (base 9) to base 14
-52256
100016 (base 8) to base 10
32782
6eb8 (base 16) to base 7
145431
What is 1531357 (base 10) in base 4?
11311313131
Convert 102000201 (base 3) to base 11.
6048
-320097 (base 10) to base 11
-1a9548
What is -1177760 (base 9) in base 7?
-5313063
-3220320 (base 6) to base 2
-100110101000011000
Convert -1000001011100111110001010 (base 2) to base 11.
-975a096
Convert -516552 (base 11) to base 9.
-1502484
Convert -110111001100001010 (base 2) to base 14.
-5c550
-100132 (base 11) to base 5
-20124312
-19104 (base 16) to base 3
-12012211020
What is 214033 (base 7) in base 13?
1404a
Convert -4354304 (base 6) to base 3.
-102001020011
What is -1033200021 (base 4) in base 15?
-66746
Convert -16403 (base 9) to base 3.
-120110010
What is 2a4c023 (base 13) in base 7?
222544356
What is 2557742 (base 8) in base 4?
2231333202
-123652 (base 8) to base 15
-cab7
Convert 442844 (base 11) to base 12.
2a09a6
What is 53b486 (base 13) in base 12?
7aa451
What is 12221203020 (base 4) in base 2?
110101001100011001000
Convert 55228 (base 15) to base 3.
111202001002
2e92e5 (base 16) to base 13
82b394
What is -d37980 (base 16) in base 14?
-1baaa2c
Convert 2758020 (base 9) to base 2.
101110001110110000000
Convert -9f537f (base 16) to base 4.
-213311031333
327733 (base 8) to base 4
122333123
What is 33330020203 (base 4) in base 15?
5780e7
What is 1072236 (base 11) in base 8?
7121777
31344244 (base 5) to base 4
1000010301
What is 2112012120 (base 3) in base 12?
24936
-4304340211 (base 5) to base 4
-202203213312
Convert 160063 (base 9) to base 5.
11122342
Convert -1410141 (base 5) to base 10.
-28796
Convert 13325412 (base 6) to base 8.
1551120
What is 551469 (base 11) in base 2?
11010110111011011110
Convert -2463854 (base 10) to base 2.
-1001011001100001101110
What is -9642e6 (base 15) in base 4?
-123102022203
-2a0955 (base 15) to base 13
-55c892
Convert d3878b (base 14) to base 2.
11011001100110100100111
What is 73742 (base 10) in base 4?
102000032
6a5b2 (base 13) to base 9
325507
-8424c5 (base 15) to base 9
-12738765
Convert -184064 (base 9) to base 6.
-2242051
Convert 63333326 (base 7) to base 3.
101001221222012
What is 2673506 (base 9) in base 3?
2202110120020
Convert 1000011100011100111111 (base 2) to base 16.
21c73f
Convert -93082 (base 14) to base 15.
-6edb0
-5a34c2 (base 16) to base 15
-7bb966
-7810366 (base 9) to base 5
-2033334333
Convert -333052 (base 7) to base 14.
-17562
What is 7200608 (base 9) in base 6?
214135355
Convert -12111200122 (base 3) to base 8.
-323553
Convert -5215002 (base 6) to base 16.
-3d54a
What is -20798 (base 15) in base 16?
-19238
Convert -10110111010000001111 (base 2) to base 8.
-2672017
Convert -20acd3 (base 14) to base 8.
-4157331
18b4a (base 14) to base 8
172176
What is -13320232231 (base 4) in base 5?
-1012123443
What is -d778b (base 16) in base 15?
-126781
638c3 (base 13) to base 5
21220333
Convert -2102201000 (base 3) to base 8.
-135432
Convert 3243608 (base 9) to base 10.
1741346
123714a (base 14) to base 8
41256076
What is 1c1280 (base 14) in base 7?
11342320
What is -1112010 (base 4) in base 8?
-12604
What is 359bb (base 13) in base 6?
2035143
Convert 183a3 (base 15) to base 4.
103021311
Convert -4f295e (base 16) to base 15.
-6c7274
Convert 220120330023 (base 4) to base 2.
101000011000111100001011
1223313330 (base 4) to base 12
193850
840eb (base 16) to base 9
1013877
Convert 2475816 (base 11) to base 16.
4192ed
1055331013 (base 6) to base 12
3b20a69
What is -15a9582 (base 12) in base 16?
-43f5f2
-156b986 (base 13) to base 5
-3230133223
What is -17effe (base 16) in base 7?
-16222443
Convert -10dd8a (base 16) to base 13.
-2c9124
What is 11aa298 (base 11) in base 14?
3c68d3
-3140021 (base 5) to base 8
-146437
What is a1aa (base 14) in base 10?
27786
3b50db (base 14) to base 4
13310132221
What is 2121032210 (base 4) in base 14?
124a20
Convert -100101111001010011110110 (base 2) to base 3.
-200200200222112
Convert 2265022 (base 9) to base 3.
2022012000202
Convert 2010020022110 (base 3) to base 2.
100010011000010000101
-254655 (base 7) to base 15
-e050
What is 36a6a25 (base 11) in base 14?
bd79ca
-55cc (base 14) to base 3
-202102010
Convert -3da63 (base 15) to base 4.
-300113031
-189778 (base 10) to base 16
-2e552
What is 151975 (base 13) in base 10?
517912
1211133122 (base 4) to base 15
8328b
Convert 300375 (base 8) to base 14.
27cbb
Convert -9084ab (base 16) to base 7.
-143334450
Convert -100315 (base 6) to base 16.
-1ed7
113431001 (base 7) to base 6
410213442
-2113550 (base 6) to base 12
-4b8b6
-d2d48 (base 16) to base 7
-10224445
-226400 (base 11) to base 15
-71954
What is 713493 (base 11) in base 6?
40324121
6225602 (base 7) to base 3
1101220202112
What is -1010000000010110010 (base 2) in base 13?
-b62cb
Convert -1411433324 (base 5) to base 14.
-6a4ac6
11221124334 (base 5) to base 10
12676844
What is 2562456 (base 7) in base 11?
209489
What is 251420521 (base 6) in base 8?
22354041
Convert -2166367 (base 8) to base 7.
-4654253
What is 1110000